{"id":129,"date":"2017-05-25T13:57:56","date_gmt":"2017-05-25T13:57:56","guid":{"rendered":"http:\/\/iacademy.mikado-themes.com\/?page_id=129"},"modified":"2017-05-25T13:57:56","modified_gmt":"2017-05-25T13:57:56","slug":"become-an-instructor","status":"publish","type":"page","link":"https:\/\/sivrihisar.org.tr\/index.php\/become-an-instructor\/","title":{"rendered":"Become an Instructor"},"content":{"rendered":"<section class=\"wpb-content-wrapper\"><p>[vc_row row_content_width=&#8221;grid&#8221; css=&#8221;.vc_custom_1497440561376{padding-top: 100px !important;padding-bottom: 80px !important;}&#8221;][vc_column offset=&#8221;vc_col-lg-8&#8243;]<div class=\"mkdf-elements-holder   mkdf-one-column  mkdf-responsive-mode-768 \" ><div class=\"mkdf-eh-item  mkdf-width-1-1   \" style=\"background-image: url(https:\/\/sivrihisar.org.tr\/wp-content\/uploads\/2017\/05\/become-instructor-img-1.jpg)\" data-item-class=\"mkdf-eh-custom-6604\" data-1600=\"251px 45%\" data-1024-1280=\"251px 45%\" data-768-1024=\"230px 45%\" data-680-768=\"180px 45%\" data-680=\"130px 35%\">\n\t<div class=\"mkdf-eh-item-inner\">\n\t\t<div class=\"mkdf-eh-item-content mkdf-eh-custom-6604\" style=\"padding: 251px 45%\">\n\t\t\t<div class=\"mkdf-video-button-holder \">\n\t<div class=\"mkdf-video-button-image\">\n\t\t\t<\/div>\n\t\t\t<a class=\"mkdf-video-button-play\"  href=\"https:\/\/vimeo.com\/157562616?iframe=true\" target=\"_self\" data-rel=\"prettyPhoto[video_button_pretty_photo_399]\">\n\t\t\t<span class=\"mkdf-video-button-play-inner\">\n\t\t\t\t<span class=\"arrow_triangle-right\"><\/span>\n\t\t\t\t\t\t\t<\/span>\n\t\t<\/a>\n\t<\/div>\t\t<\/div>\n\t<\/div>\n<\/div><\/div>[\/vc_column][vc_column offset=&#8221;vc_col-lg-4&#8243;]<div class=\"mkdf-elements-holder   mkdf-one-column  mkdf-responsive-mode-768 \" ><div class=\"mkdf-eh-item  mkdf-width-1-1   \"  data-item-class=\"mkdf-eh-custom-5838\" data-768-1024=\"100px 0 0 \" data-680-768=\"100px 0 0 \" data-680=\"100px 0 0 \">\n\t<div class=\"mkdf-eh-item-inner\">\n\t\t<div class=\"mkdf-eh-item-content mkdf-eh-custom-5838\" >\n\t\t\t\n<div class=\"wpcf7 no-js\" id=\"wpcf7-f171-o1\" lang=\"en-US\" dir=\"ltr\" data-wpcf7-id=\"171\">\n<div class=\"screen-reader-response\"><p role=\"status\" aria-live=\"polite\" aria-atomic=\"true\"><\/p> <ul><\/ul><\/div>\n<form action=\"\/index.php\/wp-json\/wp\/v2\/pages\/129#wpcf7-f171-o1\" method=\"post\" class=\"wpcf7-form init cf7_custom_style_2\" aria-label=\"Contact form\" novalidate=\"novalidate\" data-status=\"init\">\n<fieldset class=\"hidden-fields-container\"><input type=\"hidden\" name=\"_wpcf7\" value=\"171\" \/><input type=\"hidden\" name=\"_wpcf7_version\" value=\"6.1.5\" \/><input type=\"hidden\" name=\"_wpcf7_locale\" value=\"en_US\" \/><input type=\"hidden\" name=\"_wpcf7_unit_tag\" value=\"wpcf7-f171-o1\" \/><input type=\"hidden\" name=\"_wpcf7_container_post\" value=\"0\" \/><input type=\"hidden\" name=\"_wpcf7_posted_data_hash\" value=\"\" \/>\n<\/fieldset>\n<div class=\"mkdf-cf7-contact-wrapper mkdf-smaller-padding\">\n\t<div class=\"mkdf-cf7-title\">\n\t\t<p>FILL THIS FORM TO APPLY\n\t\t<\/p>\n\t<\/div>\n\t<div class=\"mkdf-cf7-inputs clearfix\">\n\t\t<div class=\"mkdf-grid-col-12\">\n\t\t\t<p><label>Name<span style=\"color: #ffd740;\">*<\/span><\/label><span class=\"wpcf7-form-control-wrap\" data-name=\"your-name\"><input size=\"40\" maxlength=\"400\" class=\"wpcf7-form-control wpcf7-text wpcf7-validates-as-required\" aria-required=\"true\" aria-invalid=\"false\" value=\"\" type=\"text\" name=\"your-name\" \/><\/span>\n\t\t\t<\/p>\n\t\t<\/div>\n\t\t<div class=\"mkdf-grid-col-12\">\n\t\t\t<p><label>Email<span style=\"color: #ffd740;\">*<\/span><\/label><span class=\"wpcf7-form-control-wrap\" data-name=\"your-email\"><input size=\"40\" maxlength=\"400\" class=\"wpcf7-form-control wpcf7-text wpcf7-validates-as-required\" aria-required=\"true\" aria-invalid=\"false\" value=\"\" type=\"text\" name=\"your-email\" \/><\/span>\n\t\t\t<\/p>\n\t\t<\/div>\n\t\t<div class=\"mkdf-grid-col-12\">\n\t\t\t<p><label>Contact<span style=\"color: #ffd740;\">*<\/span><\/label><span class=\"wpcf7-form-control-wrap\" data-name=\"your-website\"><input size=\"40\" maxlength=\"400\" class=\"wpcf7-form-control wpcf7-text wpcf7-validates-as-required\" aria-required=\"true\" aria-invalid=\"false\" value=\"\" type=\"text\" name=\"your-website\" \/><\/span>\n\t\t\t<\/p>\n\t\t<\/div>\n\t\t<div class=\"mkdf-grid-col-12\">\n\t\t\t<p><label>Comment<span style=\"color: #ffd740;\">*<\/span><\/label><span class=\"wpcf7-form-control-wrap\" data-name=\"your-message\"><textarea cols=\"40\" rows=\"2\" maxlength=\"2000\" class=\"wpcf7-form-control wpcf7-textarea wpcf7-validates-as-required\" aria-required=\"true\" aria-invalid=\"false\" name=\"your-message\"><\/textarea><\/span><br \/>\n<input class=\"wpcf7-form-control wpcf7-submit has-spinner\" type=\"submit\" value=\"Submit\" \/>\n\t\t\t<\/p>\n\t\t<\/div>\n\t<\/div>\n<\/div><div class=\"wpcf7-response-output\" aria-hidden=\"true\"><\/div>\n<\/form>\n<\/div>\n\t\t<\/div>\n\t<\/div>\n<\/div><\/div>[\/vc_column][\/vc_row][vc_row row_content_width=&#8221;grid&#8221; css=&#8221;.vc_custom_1495720773265{padding-bottom: 70px !important;}&#8221;][vc_column]<div class=\"mkdf-section-title-holder  mkdf-st-standard mkdf-st-title-left mkdf-st-normal-space \" style=\"text-align: center\">\n\t<div class=\"mkdf-st-inner\">\n\t\t\t\t\t<h2 class=\"mkdf-st-title\" style=\"color: #40c4ff\">\n\t\t\t\tTop Tutors in Every Subject.\t\t\t<\/h2>\n\t\t\t\t\t\t\t<p class=\"mkdf-st-text\" style=\"font-size: 17px;font-weight: 400\">\n\t\t\t\tLorem Ipsn gravida nibh vel velit auctor aliquetnean sollicitudin,lorem quis bibendum \t\t\t<\/p>\n\t\t\t<\/div>\n<\/div>[vc_empty_space height=&#8221;80px&#8221;]<div class=\"mkdf-instructor-list-holder mkdf-tl-normal-space mkdf-has-shadow mkdf-tl-three-columns\">\n\t<div class=\"mkdf-tl-inner \" data-number-of-items=\"3\" data-enable-navigation=\"no\" data-enable-pagination=\"no\">\n\t\t<div class=\"mkdf-instructor simple\">\n\t<div class=\"mkdf-instructor-inner\" style=\"background-color:#ffffff\">\n\t\t\t\t<div class=\"mkdf-instructor-info\">\n            <div class=\"mkdf-instructor-title-holder\">\n                <h5 itemprop=\"name\" class=\"mkdf-instructor-name entry-title\">\n                    <a itemprop=\"url\" href=\"https:\/\/sivrihisar.org.tr\/index.php\/instructor\/edward-bowman\/\">Edward Bowman<\/a>\n                <\/h5>\n                                    <span class=\"mkdf-instructor-position\">Associate Professor<\/span>\n                            <\/div>\n\t\t<\/div>\n        <a itemprop=\"url\" href=\"https:\/\/sivrihisar.org.tr\/index.php\/instructor\/edward-bowman\/\" class=\"mkdf-instructor-link\"><\/a>\n\t<\/div>\n<\/div><div class=\"mkdf-instructor simple\">\n\t<div class=\"mkdf-instructor-inner\" style=\"background-color:#ffffff\">\n\t\t\t\t<div class=\"mkdf-instructor-info\">\n            <div class=\"mkdf-instructor-title-holder\">\n                <h5 itemprop=\"name\" class=\"mkdf-instructor-name entry-title\">\n                    <a itemprop=\"url\" href=\"https:\/\/sivrihisar.org.tr\/index.php\/instructor\/denise-wood\/\">Denise Wood<\/a>\n                <\/h5>\n                                    <span class=\"mkdf-instructor-position\">Assistant Professor<\/span>\n                            <\/div>\n\t\t<\/div>\n        <a itemprop=\"url\" href=\"https:\/\/sivrihisar.org.tr\/index.php\/instructor\/denise-wood\/\" class=\"mkdf-instructor-link\"><\/a>\n\t<\/div>\n<\/div><div class=\"mkdf-instructor simple\">\n\t<div class=\"mkdf-instructor-inner\" style=\"background-color:#ffffff\">\n\t\t\t\t<div class=\"mkdf-instructor-info\">\n            <div class=\"mkdf-instructor-title-holder\">\n                <h5 itemprop=\"name\" class=\"mkdf-instructor-name entry-title\">\n                    <a itemprop=\"url\" href=\"https:\/\/sivrihisar.org.tr\/index.php\/instructor\/kathryn-webb\/\">Kathryn Webb<\/a>\n                <\/h5>\n                                    <span class=\"mkdf-instructor-position\">Teaching Assistant<\/span>\n                            <\/div>\n\t\t<\/div>\n        <a itemprop=\"url\" href=\"https:\/\/sivrihisar.org.tr\/index.php\/instructor\/kathryn-webb\/\" class=\"mkdf-instructor-link\"><\/a>\n\t<\/div>\n<\/div><div class=\"mkdf-instructor simple\">\n\t<div class=\"mkdf-instructor-inner\" style=\"background-color:#ffffff\">\n\t\t\t\t<div class=\"mkdf-instructor-info\">\n            <div class=\"mkdf-instructor-title-holder\">\n                <h5 itemprop=\"name\" class=\"mkdf-instructor-name entry-title\">\n                    <a itemprop=\"url\" href=\"https:\/\/sivrihisar.org.tr\/index.php\/instructor\/jennifer-powell\/\">Jennifer Powell<\/a>\n                <\/h5>\n                                    <span class=\"mkdf-instructor-position\">Associate Professor<\/span>\n                            <\/div>\n\t\t<\/div>\n        <a itemprop=\"url\" href=\"https:\/\/sivrihisar.org.tr\/index.php\/instructor\/jennifer-powell\/\" class=\"mkdf-instructor-link\"><\/a>\n\t<\/div>\n<\/div><div class=\"mkdf-instructor simple\">\n\t<div class=\"mkdf-instructor-inner\" style=\"background-color:#ffffff\">\n\t\t\t\t<div class=\"mkdf-instructor-info\">\n            <div class=\"mkdf-instructor-title-holder\">\n                <h5 itemprop=\"name\" class=\"mkdf-instructor-name entry-title\">\n                    <a itemprop=\"url\" href=\"https:\/\/sivrihisar.org.tr\/index.php\/instructor\/dave-robbins\/\">Dave Robbins<\/a>\n                <\/h5>\n                                    <span class=\"mkdf-instructor-position\">Assistant Professor<\/span>\n                            <\/div>\n\t\t<\/div>\n        <a itemprop=\"url\" href=\"https:\/\/sivrihisar.org.tr\/index.php\/instructor\/dave-robbins\/\" class=\"mkdf-instructor-link\"><\/a>\n\t<\/div>\n<\/div><div class=\"mkdf-instructor simple\">\n\t<div class=\"mkdf-instructor-inner\" style=\"background-color:#ffffff\">\n\t\t\t\t<div class=\"mkdf-instructor-info\">\n            <div class=\"mkdf-instructor-title-holder\">\n                <h5 itemprop=\"name\" class=\"mkdf-instructor-name entry-title\">\n                    <a itemprop=\"url\" href=\"https:\/\/sivrihisar.org.tr\/index.php\/instructor\/keith-taylor\/\">Keith Taylor<\/a>\n                <\/h5>\n                                    <span class=\"mkdf-instructor-position\">Teaching Assistant<\/span>\n                            <\/div>\n\t\t<\/div>\n        <a itemprop=\"url\" href=\"https:\/\/sivrihisar.org.tr\/index.php\/instructor\/keith-taylor\/\" class=\"mkdf-instructor-link\"><\/a>\n\t<\/div>\n<\/div><div class=\"mkdf-instructor simple\">\n\t<div class=\"mkdf-instructor-inner\" style=\"background-color:#ffffff\">\n\t\t\t\t<div class=\"mkdf-instructor-info\">\n            <div class=\"mkdf-instructor-title-holder\">\n                <h5 itemprop=\"name\" class=\"mkdf-instructor-name entry-title\">\n                    <a itemprop=\"url\" href=\"https:\/\/sivrihisar.org.tr\/index.php\/instructor\/jennie-king\/\">Jennie King<\/a>\n                <\/h5>\n                                    <span class=\"mkdf-instructor-position\">Assistant Professor<\/span>\n                            <\/div>\n\t\t<\/div>\n        <a itemprop=\"url\" href=\"https:\/\/sivrihisar.org.tr\/index.php\/instructor\/jennie-king\/\" class=\"mkdf-instructor-link\"><\/a>\n\t<\/div>\n<\/div><div class=\"mkdf-instructor simple\">\n\t<div class=\"mkdf-instructor-inner\" style=\"background-color:#ffffff\">\n\t\t\t\t<div class=\"mkdf-instructor-info\">\n            <div class=\"mkdf-instructor-title-holder\">\n                <h5 itemprop=\"name\" class=\"mkdf-instructor-name entry-title\">\n                    <a itemprop=\"url\" href=\"https:\/\/sivrihisar.org.tr\/index.php\/instructor\/david-sanders\/\">David Sanders<\/a>\n                <\/h5>\n                                    <span class=\"mkdf-instructor-position\">Assistant Professor<\/span>\n                            <\/div>\n\t\t<\/div>\n        <a itemprop=\"url\" href=\"https:\/\/sivrihisar.org.tr\/index.php\/instructor\/david-sanders\/\" class=\"mkdf-instructor-link\"><\/a>\n\t<\/div>\n<\/div><div class=\"mkdf-instructor simple\">\n\t<div class=\"mkdf-instructor-inner\" style=\"background-color:#ffffff\">\n\t\t\t\t\t<div class=\"mkdf-instructor-image\">\n                <a itemprop=\"url\" href=\"https:\/\/sivrihisar.org.tr\/index.php\/instructor\/preston-marshall\/\">\n                    <img loading=\"lazy\" decoding=\"async\" width=\"300\" height=\"281\" src=\"https:\/\/sivrihisar.org.tr\/wp-content\/uploads\/2026\/04\/bekir-kalir-300x281-1.jpg\" class=\"attachment-full size-full wp-post-image\" alt=\"\" \/>                <\/a>\n\t\t\t<\/div>\n\t\t\t\t<div class=\"mkdf-instructor-info\">\n            <div class=\"mkdf-instructor-title-holder\">\n                <h5 itemprop=\"name\" class=\"mkdf-instructor-name entry-title\">\n                    <a itemprop=\"url\" href=\"https:\/\/sivrihisar.org.tr\/index.php\/instructor\/preston-marshall\/\">Bekir Kal\u0131r<\/a>\n                <\/h5>\n                                    <span class=\"mkdf-instructor-position\">Y\u00f6netim Kurulu  Ba\u015fkan\u0131<\/span>\n                            <\/div>\n\t\t<\/div>\n        <a itemprop=\"url\" href=\"https:\/\/sivrihisar.org.tr\/index.php\/instructor\/preston-marshall\/\" class=\"mkdf-instructor-link\"><\/a>\n\t<\/div>\n<\/div>\t<\/div>\n<\/div>[\/vc_column][\/vc_row]<\/p>\n<\/section>","protected":false},"excerpt":{"rendered":"<p>[vc_row row_content_width=&#8221;grid&#8221; css=&#8221;.vc_custom_1497440561376{padding-top: 100px !important;padding-bottom: 80px !important;}&#8221;][vc_column offset=&#8221;vc_col-lg-8&#8243;][\/vc_column][vc_column offset=&#8221;vc_col-lg-4&#8243;][\/vc_column][\/vc_row][vc_row row_content_width=&#8221;grid&#8221; css=&#8221;.vc_custom_1495720773265{padding-bottom: 70px !important;}&#8221;][vc_column][vc_empty_space height=&#8221;80px&#8221;][\/vc_column][\/vc_row]<\/p>\n","protected":false},"author":1,"featured_media":0,"parent":0,"menu_order":0,"comment_status":"closed","ping_status":"closed","template":"full-width.php","meta":{"_bbp_topic_count":0,"_bbp_reply_count":0,"_bbp_total_topic_count":0,"_bbp_total_reply_count":0,"_bbp_voice_count":0,"_bbp_anonymous_reply_count":0,"_bbp_topic_count_hidden":0,"_bbp_reply_count_hidden":0,"_bbp_forum_subforum_count":0,"footnotes":""},"class_list":["post-129","page","type-page","status-publish","hentry"],"_links":{"self":[{"href":"https:\/\/sivrihisar.org.tr\/index.php\/wp-json\/wp\/v2\/pages\/129","targetHints":{"allow":["GET"]}}],"collection":[{"href":"https:\/\/sivrihisar.org.tr\/index.php\/wp-json\/wp\/v2\/pages"}],"about":[{"href":"https:\/\/sivrihisar.org.tr\/index.php\/wp-json\/wp\/v2\/types\/page"}],"author":[{"embeddable":true,"href":"https:\/\/sivrihisar.org.tr\/index.php\/wp-json\/wp\/v2\/users\/1"}],"replies":[{"embeddable":true,"href":"https:\/\/sivrihisar.org.tr\/index.php\/wp-json\/wp\/v2\/comments?post=129"}],"version-history":[{"count":0,"href":"https:\/\/sivrihisar.org.tr\/index.php\/wp-json\/wp\/v2\/pages\/129\/revisions"}],"wp:attachment":[{"href":"https:\/\/sivrihisar.org.tr\/index.php\/wp-json\/wp\/v2\/media?parent=129"}],"curies":[{"name":"wp","href":"https:\/\/api.w.org\/{rel}","templated":true}]}}